05.
3, 5, 17, 79, 5701
List the prime factors of 42145902.
2, 3, 401, 5839
List the prime factors of 1220015486.
2, 79, 1871, 4127
What are the prime factors of 1569483942?
2, 3, 13, 19, 181, 5851
List the prime factors of 147171014.
2, 73585507
What are the prime factors of 3769620129?
3, 11, 29, 67, 19597
What are the prime factors of 41733277?
281, 148517
List the prime factors of 19176581.
43, 445967
List the prime factors of 22901576.
2, 227, 12611
What are the prime factors of 197396765?
5, 29, 1361357
What are the prime factors of 64788179?
107, 605497
List the prime factors of 244836484.
2, 79, 774799
What are the prime factors of 282015815?
5, 281, 200723
List the prime factors of 3619344889.
8167, 443167
What are the prime factors of 4046138?
2, 29, 69761
List the prime factors of 301861494.
2, 3, 11, 643, 2371
List the prime factors of 154969804.
2, 11, 463, 7607
List the prime factors of 106713123.
3, 11, 23, 59, 2383
List the prime factors of 790003033.
19, 41579107
List the prime factors of 38473648.
2, 43, 55921
What are the prime factors of 150818631?
3, 419, 119983
List the prime factors of 29224731.
3, 2297, 4241
What are the prime factors of 831496958?
2, 103, 4036393
List the prime factors of 377927697.
3, 7, 17, 23, 46027
List the prime factors of 176009296.
2, 17, 37, 17489
What are the prime factors of 282624755?
5, 7, 8074993
List the prime factors of 491052076.
2, 122763019
What are the prime factors of 518292196?
2, 1409, 91961
List the prime factors of 1403186757.
3, 7, 109, 613013
What are the prime factors of 3060446686?
2, 11, 139111213
List the prime factors of 52933027.
7, 31, 243931
What are the prime factors of 986409682?
2, 83, 5942227
List the prime factors of 592554056.
2, 103, 719119
What are the prime factors of 100668825?
3, 5, 73, 227
List the prime factors of 417665113.
417665113
List the prime factors of 468410321.
468410321
List the prime factors of 92756733.
3, 83, 151, 2467
What are the prime factors of 150816295?
5, 7, 569, 7573
List the prime factors of 55989417.
3, 11, 1696649
List the prime factors of 39464661.
3, 13154887
List the prime factors of 171148578.
2, 3, 28524763
List the prime factors of 1353546159.
3, 7, 23, 400339
List the prime factors of 595577603.
41, 79, 183877
What are the prime factors of 2719385820?
2, 3, 5, 15107699
What are the prime factors of 611864854?
2, 89, 3437443
List the prime factors of 1468699030.
2, 5, 8317, 17659
What are the prime factors of 1593429589?
211, 7551799
What are the prime factors of 1443732?
2, 3, 31, 3881
What are the prime factors of 383538816?
2, 3, 332933
What are the prime factors of 112389651?
3, 11, 41, 27689
List the prime factors of 852114290.
2, 5, 17, 887, 5651
List the prime factors of 85325347.
4729, 18043
List the prime factors of 49739060.
2, 5, 7, 29, 12251
List the prime factors of 1339424802.
2, 3, 43, 397, 1453
What are the prime factors of 163635344?
2, 10227209
List the prime factors of 2344032813.
3, 43, 311, 58427
List the prime factors of 104538477.
3, 3779, 9221
List the prime factors of 2292763375.
5, 7, 2620301
What are the prime factors of 4919572?
2, 7, 175699
What are the prime factors of 22356329?
131, 157, 1087
List the prime factors of 44338511.
7, 6334073
List the prime factors of 20775606.
2, 3, 691, 5011
List the prime factors of 1288489168.
2, 127, 167, 3797
List the prime factors of 231183388.
2, 79, 731593
List the prime factors of 30417584.
2, 883, 2153
What are the prime factors of 667771712?
2, 10433933
List the prime factors of 48132034.
2, 331, 72707
List the prime factors of 1232944892.
2, 308236223
List the prime factors of 101838445.
5, 2309, 8821
List the prime factors of 88041572.
2, 17, 1294729
What are the prime factors of 4799699?
31, 107, 1447
List the prime factors of 2478545157.
3, 11, 75107429
List the prime factors of 196892949.
3, 11, 23, 259411
List the prime factors of 111103492.
2, 27775873
List the prime factors of 438556895.
5, 7, 857, 14621
What are the prime factors of 2475754857?
3, 275083873
What are the prime factors of 6036549?
3, 167, 12049
List the prime factors of 16948831.
467, 36293
What are the prime factors of 541362045?
3, 5, 7, 43, 2447
List the prime factors of 2091068813.
2091068813
What are the prime factors of 646094551?
22741, 28411
List the prime factors of 671450640.
2, 3, 5, 7, 53, 7541
What are the prime factors of 4149734505?
3, 5, 7, 39521281
What are the prime factors of 3078459138?
2, 3, 227, 2260249
List the prime factors of 643762875.
3, 5, 7, 103, 2381
List the prime factors of 13896417.
3, 41, 112979
List the prime factors of 382530079.
382530079
List the prime factors of 37344341.
23, 1623667
List the prime factors of 107170214.
2, 233, 229979
List the prime factors of 150045311.
13, 11541947
What are the prime factors of 73084241?
17, 19, 226267
List the prime factors of 85255660.
2, 5, 7, 19, 32051
What are the prime factors of 1250675474?
2, 173, 3614669
What are the prime factors of 376786834?
2, 19, 31, 317, 1009
What are the prime factors of 905995796?
2, 83, 137, 19919
List the prime factors of 88795234.
2, 11, 67, 107, 563
List the prime factors of 225011400.
2, 3, 5, 375019
List the prime factors of 50341983.
3, 167, 100483
List the prime factors of 44270230.
2, 5, 1979, 2237
What are the prime factors of 67959216?
2, 3, 13, 12101
What are the prime factors of 35097329?
35097329
List the prime factors of 1738753126.
2, 11, 23, 197, 17443
List the prime factors of 96296086.
2, 48148043
What are the prime factors of 81531389?
23, 3544843
List the prime factors of 23704439.
11, 2154949
What are the prime factors of 19739770?
2, 5, 1973977
What are the prime factors of 225232917?
3, 7, 13, 825029
What are the prime factors of 103591727?
17, 6093631
List the prime factors of 2907588644.
2, 726897161
What are the prime factors of 511352002?
2, 7, 36525143
List the prime factors of 282250986.
2, 3, 23, 71, 28807
What are the prime factors of 3141113985?
3, 5, 2585279
List the prime factors of 1534084231.
647, 2371073
What are the prime factors of 9382391?
9382391
List the prime factors of 10397584.
2, 649849
What are the prime factors of 492253039?
809, 608471
What are the prime factors of 123763503?
3, 29, 43, 33083
What are the prime factors of 253500149?
7, 1051, 34457
What are the prime factors of 712821360?
2, 3, 5, 1021, 2909
What are the prime factors of 30766889?
17, 1069, 1693
List the prime factors of 14590563.
3, 13, 374117
List the prime factors of 179571698.
2, 19, 43, 109897
What are the prime factors of 55761265?
5, 7, 227597
What are the prime factors of 694499387?
311, 2233117
What are the prime factors of 102953655?
3, 5, 7, 46691
What are the prime factors of 78994989?
3, 19, 659, 701
What are the prime factors of 3078796528?
2, 59, 3261437
What are the prime factors of 76478251?
76478251
What are the prime factors of 24614721?
3, 2734969
What are the prime factors of 2961834945?
3, 5, 17, 127, 91457
What are the prime factors of 12555611?
701, 17911
What are the prime factors of 276195073?
7, 11, 17, 257, 821
List the prime factors of 19303325.
5, 23, 59, 569
What are the prime factors of 80871762?
2, 3, 41, 547, 601
List the prime factors of 714584612.
2, 7, 71, 359449
What are the prime factors of 49427287?
7, 13, 543157
List the prime factors of 137619805.
5, 463, 59447
What are the prime factors of 62136920?
2, 5, 1553423
List the prime factors of 721495572.
2, 3, 7, 17, 53, 9533
List the prime factors of 59429649.
3, 347, 57089
What are the prime factors of 2856015377?
2856015377
List the prime factors of 3546169563.
3, 4451, 265571
List the prime factors of 106860970.
2, 5, 2371, 4507
What are the prime factors of 695730883?
695730883
What are the prime factors of 33818765?
5, 19, 83, 4289
What are the prime factors of 4919004102?
2, 3, 109, 941, 7993
What are the prime factors of 1825375669?
13, 140413513
What are the prime factors of 744877313?
744877313
What are the prime factors of 117282938?
2, 2111, 27779
What are the prime factors of 25368825?
3, 5, 338251
What are the prime factors of 396747144?
2, 3, 29, 139, 1367
What are the prime factors of 3852489437?
41, 1117, 84121
What are the prime factors of 1969870922